ose 0 = -4*y - 48 + 136. Calculate the remainder when y is divided by n.
10
Suppose -3*t = -3*v - 33, -2*t + 3*t - 23 = 5*v. Let d be 11/3 - 4/6. Suppose 0 = d*o - 2*o - t. Calculate the remainder when 23 is divided by o.
7
Let r(h) = -h**2 - 13*h - 5. Suppose -5*i + 4*d + 61 = 0, 5*i + 0*i - d = 64. What is the remainder when r(-6) is divided by i?
11
Calculate the remainder when 6 is divided by 171/33 - 10/55.
1
Let d(x) = x**3 + 7*x**2 + 5*x - 4. Let c be d(-6). Suppose 12 = c*p - 30. Calculate the remainder when 61 is divided by p.
19
Let b be 2/6 + (-5)/15. Let l = 4 + b. Suppose 0 = g + l*k - 9, 3*g + 0*g - 69 = 2*k. Calculate the remainder when 41 is divided by g.
20
Suppose 2*g + 4*h - 32 = 0, h + h + 20 = 5*g. Calculate the remainder when 46 is divided by g.
4
Suppose -207 = -3*n - 4*a + 9*a, n - 69 = 2*a. What is the remainder when n is divided by 15?
9
Let c = 75 - 36. What is the remainder when c is divided by 22?
17
Let y = 52 - 14. Suppose -y = -b + 11. What is the remainder when b is divided by 17?
15
Calculate the remainder when (-3)/24 + 162/16 is divided by 4.
2
Suppose -3*h + 8 = -h. Suppose p - 2*c = 2, 5*c = 10 + 10. What is the remainder when p is divided by h?
2
Let a(y) = 2*y - 7. Let b be a(5). Let p = 3 - b. Suppose 2*s - 2*u = 3*u + 43, 3*s + u - 39 = p. Calculate the remainder when 40 is divided by s.
12
Let k = 106 + -49. Calculate the remainder when k is divided by 15.
12
What is the remainder when 55 + (0 + 2 - 2) is divided by 1 - -14 - (-5 - -1)?
17
Let m be (-2)/7 + 10/35. Suppose 4*r + 5 - 21 = m. What is the remainder when r is divided by 2?
0
Let z be ((-78)/(-18))/(3/18). Let h = 36 - z. Calculate the remainder when 37 is divided by h.
7
Let c(f) = -f**3 - 2*f**2 + 8*f + 11. Let i = -36 - -67. Calculate the remainder when i is divided by c(-4).
9
Suppose 4*s - 29 = 79. Let m = -16 + s. Let l = 7 - 4. What is the remainder when m is divided by l?
2
Let r = 7 + -12. Let h = 13 - r. What is the remainder when h is divided by 10?
8
Suppose w + w = 8. Suppose -w*t + 15 + 181 = 0. What is the remainder when t is divided by 13?
10
Let x(y) = -y + 10. Let h be x(6). Suppose k = -3, 4*p + h*k = 67 + 49. What is the remainder when p is divided by 11?
10
Let l(t) = -6*t**2 + 4*t - t**3 + 2*t**2 + 1 - t**2. What is the remainder when (-1 - (2 - 1)) + 39 is divided by l(-6)?
11
Suppose -n - j = -3, 0 = -2*n + 6*n - 2*j - 36. Calculate the remainder when (-1)/(1 - 28/26) is divided by n.
6
Let o(u) = -6*u + 1. Let t(c) = 6*c. Let q(g) = -3*o(g) - 4*t(g). What is the remainder when 61 is divided by q(-4)?
19
Suppose -d + 0*d = 2*c + 20, 3*d = 0. Let z = -4 - c. Suppose 0 = -n + 5*u + 5 - 15, 2*n = u + 16. What is the remainder when n is divided by z?
4
What is the remainder when ((-80)/25)/(1/(-10)) is divided by -1 + 7/((-21)/(-36))?
10
Let z = 2 + -4. Suppose 2*w - 2 = w. What is the remainder when (28 - -2) + w + z is divided by 16?
14
Let l(h) = -11*h. What is the remainder when l(-6) is divided by 17?
15
Let f = 53 - 29. Suppose 0*s = 2*s - 6, s - 113 = -5*j. Suppose -j = -4*c + 30. What is the remainder when f is divided by c?
11
Suppose 0*b = -b - 2*s + 11, 2*s - 7 = 3*b. Calculate the remainder when 24 is divided by (b + -2)*52/(-4).
11
Suppose b = -0*b + 3*u, -4*u + 16 = 0. What is the remainder when 46 is divided by b?
10
Suppose 2*k + 3*z - 66 = 0, 2*z - 8 = -2*z. What is the remainder when 88 is divided by k?
28
Let z = 31 + -8. Let h(t) = -5*t**2 - 4*t. Let c(k) = 11*k**2 + 9*k - 1. Let b(l) = -4*c(l) - 9*h(l). Calculate the remainder when b(8) is divided by z.
22
Let h(u) = 9 + 0 + 32*u + 0 - 2. What is the remainder when h(3) is divided by 26?
25
Let s(m) = -m**2 + 27*m - 63. What is the remainder when s(21) is divided by 13?
11
Calculate the remainder when 1 is divided by -3 - (5 + (-13 - -4)).
0
Suppose -170 = -3*a - 53. Calculate the remainder when 151 is divided by a.
34
Let k(c) = -c**3 - 3*c**2 + 2*c - 3. Suppose 10 = -2*u - 0*u. What is the remainder when k(u) is divided by 13?
11
Let l(m) = m**3 + 4*m**2 - m. Calculate the remainder when (-15 - -20)*(-18)/(-2) is divided by l(-3).
9
Let p = -4 - -8. Suppose -p*z - 5*s = -153, -81 = 5*z + 3*s - 269. What is the remainder when z is divided by -1 - (-4 + (1 - 17))?
18
Let l = 0 + -2. Let k(m) = -4*m**2 - 2*m + 1. Let f be k(l). Let u = 16 + f. What is the remainder when u is divided by 2?
1
Let j(t) be the first derivative of t**4/4 - 2*t**3 - 2*t**2 - 7*t + 3. Calculate the remainder when 40 is divided by j(7).
12
Let k(a) = -3*a. Calculate the remainder when 23 is divided by k(-2).
5
Suppose m = -1, -h + 2*m - 5*m + 50 = 0. Suppose -13 - 83 = -3*c. Suppose -3*v = -7*v + 4, c = 2*j - 4*v. What is the remainder when h is divided by j?
17
Let d = 5 + -3. Suppose 2*q + 5 = 3*q, 5*a = -d*q + 110. What is the remainder when 17 is divided by (a/7 - 2)*7?
5
Let z(y) be the first derivative of 2*y**2 - 6*y - 2. Let c = 1 - -3. What is the remainder when 19 is divided by z(c)?
9
Let w be 18/12*4/3. Suppose 0*f - 8 = -w*f. Calculate the remainder when ((-26)/(-4))/(1/2) is divided by f.
1
Let j = 37 + -25. Let g be (142/(-6) - 1)*-3. Suppose 5*q + b = 120, b = 2*q - 5*q + g. What is the remainder when q is divided by j?
11
Let c = -712 - 216. Let d be c/12 + 4/(-6). Let m = d + 145. Calculate the remainder when m is divided by 23.
21
Suppose 9 = -3*d - 3*s, -6 = -0*s - 3*s. Let w = d - -6. Let x = 1 - 0. Calculate the remainder when w is divided by x.
0
Suppose 4*u + h = -16, 3*h = -0*h. Let o = 7 + u. Suppose o*z = -2*w + 6 + 30, 0 = -2*z. Calculate the remainder when w is divided by 10.
8
Suppose n + n = 216. Suppose n = 5*l + 3*t - 2*t, 3*l + 5*t = 56. What is the remainder when 41 is divided by l?
19
What is the remainder when 35 is divided by ((-1160)/(-12))/5*12/8?
6
What is the remainder when (-1292)/(-28) - 2/14 is divided by 16?
14
What is the remainder when 5856/21 + (-52)/28 + 2 is divided by 56?
55
Let w = -2 - -10. Suppose 3*g - 14 = 28. Calculate the remainder when g is divided by w.
6
Let t = -51 + 55. Suppose -3*b + 5*b - 2*z - 84 = 0, -124 = -3*b + 2*z. Suppose h + 3*h = b. Calculate the remainder when h is divided by t.
2
Let q be 2 - (-500)/(2/1). Suppose 4*h - q = 20. What is the remainder when h is divided by 23?
22
Suppose 3*u + 54 = 7*u - 2*n, -u - 5*n = 3. What is the remainder when 33 is divided by u?
9
Let r be (-12)/(-9)*(0 + 3). Suppose -14 = -5*o - r. Suppose -f - o = -21. Calculate the remainder when 36 is divided by f.
17
Let p(c) = 3*c**2 - 2*c**2 + 1 + 0*c**2 - c - 6. Calculate the remainder when p(-6) is divided by 10.
7
Let h = 24 - 11. Let l = 23 - h. What is the remainder when 18 is divided by l?
8
Let c be 2/(-2) - (2 + -363). Suppose c = 5*t - 5*p, p = -3*t - p + 191. What is the remainder when t is divided by 1/(-2) - 47/(-2)?
21
Suppose -3 = 6*o - 51. Calculate the remainder when o is divided by 7.
1
Let q = 7 + 1. Suppose 0 = u - 1 - q. Suppose -70 = -5*s + y, 2*s + u*y - 4*y = 55. What is the remainder when s is divided by 8?
7
Let j be (-1 + 6/9)*-3. What is the remainder when 12 is divided by 7*(0 + 0 + j)?
5
Let y(t) = -3*t. Let m be y(-1). Suppose -m*v - 2*v = 10. Calculate the remainder when 39 is divided by 12 - (v + 2 + -2).
11
Suppose 10 = -3*m + 58. Suppose 0 = -0*x - x + m. Calculate the remainder when x is divided by (-25)/(-3) + 32/48.
7
Let i(j) = j**2 + j - 1. Let m be i(-3). Suppose 5*t - 38 = -g + 3*g, -m*t + 39 = -g. Calculate the remainder when t is divided by 5.
3
Suppose 0 = -2*h + 86 + 156. Calculate the remainder when h is divided by 31.
28
Let g(i) = 15*i**3 - i**2 - 2*i + 2. Calculate the remainder when 55 is divided by g(1).
13
Let n = 92 - 75. Let j(v) = -v + 4. What is the remainder when n is divided by j(-5)?
8
Let i = -64 + 69. Let z(m) = -19*m**3 + m**2 - 1. Calculate the remainder when z(-1) is divided by i.
4
Let g(o) = 3*o - 6. Suppose -2*m = 3*q - 154, -q = -5*q + 2*m + 224. Suppose 3*a - 27 - q = 0. Calculate the remainder when a is divided by g(7).
12
What is the remainder when 48 is divided by (-150)/12*(-2 - (-12)/10)?
8
Let g = 7 - 7. Let w be 1 - (g - -2 - 13). What is the remainder when (-376)/w*(-3)/2 is divided by 16?
15
Let f = 7 - 6. Suppose -17 = -3*g + f. Calculate t